. Calculate the greatest common divisor of u and k.
6
Let l(c) = c**3 - c**2 + 54. Let p be l(0). Let n = -46 + p. Calculate the greatest common factor of n and 72.
8
Let l(w) = -w**3 - 7*w**2 - 18*w - 2. Let k be l(-6). Calculate the highest common divisor of 840 and k.
70
Let u be -224*4/8*-1. Let d(k) = -k**3 - 2*k**2 + 5*k + 2. Let q be d(-4). What is the highest common divisor of u and q?
14
Let s be -5 + -2 + 0 - 882/(-9). What is the highest common factor of s and 78?
13
Let y(v) = 91*v**2 + v. Let n be y(-1). Suppose 0 = 6*k + 65 + 1. Let j be (k/(-55) - 17/(-15))*27. What is the greatest common divisor of n and j?
18
Let a(z) = 2*z**3 - 27*z**2 - 33*z - 40. Let c be a(15). What is the highest common factor of 60 and c?
20
Suppose -11*n + 16*n - 40 = 0. Suppose -n*d + 311 = -289. What is the greatest common divisor of 50 and d?
25
Let p = 159 - 130. Suppose -x + 3*x + 20 = 0. Let f = x + p. What is the greatest common factor of 209 and f?
19
Suppose -r + 90 = 3*d, -4*r + 14 = 2*d - 36. What is the highest common factor of d and 465?
31
Let w(a) = 2*a + 42. Let i be w(9). Calculate the highest common factor of i and 390.
30
Let v = 122 + -101. What is the highest common divisor of v and 84?
21
Let r be (-33 + 9 + -1)*-1. Calculate the highest common divisor of r and 2.
1
Suppose 0*s + 1418 = 5*g - 3*s, s - 862 = -3*g. Calculate the greatest common factor of g and 66.
22
Let f be (-164)/(-5) + 1/10*2. Suppose -4*w + 47 = -f. What is the greatest common factor of w and 4?
4
Let r be (-156)/(-16) - 1/(-4). Let p(m) be the second derivative of -47*m**3/6 + 3*m**2 + m. Let w be p(-2). What is the highest common divisor of w and r?
10
Suppose 3*r - 2*x = 5, 5*x - 19 - 3 = -4*r. Suppose -r*u - 2*u = -55. Let w = u + -4. What is the greatest common divisor of w and 35?
7
Suppose -2*q - 2*q = -588. Let v = 16078 - 16057. What is the highest common factor of q and v?
21
Let a be (-27)/(-2)*78/9. Let h(n) = -7*n + 69. Let s be h(8). What is the highest common divisor of a and s?
13
Let x(t) = -t**3 + 2*t**2 - t + 3. Let f be x(4). Let g = -19 - f. Let z(m) = -m**2 + 16*m - 3. Let i be z(g). What is the highest common divisor of 25 and i?
25
Let m(i) = -20*i**3 - i**2 - 4*i - 11. Let g be m(-2). What is the greatest common factor of 204 and g?
51
Suppose -24 = -2*h - 12. What is the greatest common divisor of h and 12?
6
Let o(l) = l. Let z be o(1). Let r be -6 - ((-2)/z + 0). Let p = r - -12. What is the highest common divisor of p and 64?
8
Let l be 2/(-7) - (-23)/7. Suppose -5*g - l = 2*n, -g + 0*n + 5 = -n. Let p be g/(1/66) - 2. What is the highest common divisor of 16 and p?
16
Let r(g) = -g**2 + 11*g - 4. Let n be r(10). Let i(c) = -30*c. Let f be i(-1). Let o be ((-8)/(-10))/(4/f). Calculate the greatest common divisor of o and n.
6
Let l be (-260)/(-45) - 4/(-18). Suppose i - 15 - 2 = -5*m, -5 = -5*m. Calculate the greatest common factor of i and l.
6
Let c(q) = -28*q + 2. Let p(i) = i**2 - 2. Let f be p(-1). Let l be c(f). Let g = 21 + -11. Calculate the greatest common divisor of l and g.
10
Let n = 1537 - -2. Calculate the highest common factor of n and 19.
19
Let c(w) = 3*w**2 - w + 322. Let l be c(0). What is the highest common factor of 126 and l?
14
Suppose 12*t - 1157 = 823. What is the greatest common divisor of 99 and t?
33
Let t be (3/(-2))/((-4)/8). Suppose -7*q - 39 = -8*q. Calculate the greatest common divisor of q and t.
3
Suppose 0 = c + 2*l - 9, -c = 3*c - 5*l - 10. Suppose 27 + c = 2*r. What is the greatest common divisor of r and 2?
2
Let c = 11 - 6. Let d(i) = -i**2 + 4*i + 5. Let k be d(c). Suppose -4*t + k*t = -108. What is the greatest common divisor of 9 and t?
9
Let h be -133 + (-1)/2*4. Let b be 6*(-2 - -5)/(-3). Let k be (6/9)/(b/h). What is the greatest common factor of 10 and k?
5
Let r(w) = 2*w**2 - 6*w - 84. Let x be r(-7). What is the highest common divisor of x and 184?
8
Let x(i) = i**3 + 6*i**2 + 4. Let y be -1*-1*(0 - 6). Let g be 1 + y/(-3) - 9. Let k be x(g). Calculate the greatest common divisor of 4 and k.
4
Suppose 4*s + 132 = 4*z, -4*s = z + 3*z + 172. Let f = s - -49. What is the greatest common factor of 44 and f?
11
Suppose 173*k - 21777 = 122*k. Calculate the highest common factor of k and 244.
61
Suppose 0 = -5*a - 3 + 23. Suppose 5 = -a*i + 5*i. What is the greatest common factor of 2 and i?
1
Let i be (-17154)/(-252) + 3/(-42). Calculate the highest common divisor of i and 85.
17
Let q(x) = 3*x**3 + 2*x**2 + 19*x + 8. Let l be q(5). What is the highest common factor of l and 33?
33
Suppose 11*s = 12*s + 2*c - 146, -3*c = 5*s - 695. Calculate the highest common divisor of s and 102.
34
Suppose -241 = -2*t + u, u = t + 3 - 124. What is the greatest common divisor of 45 and t?
15
Let m = -3 - -90. Let a = 95 - m. What is the highest common factor of 88 and a?
8
Suppose -3*n = -9*n - 30. Let a be (4/n)/(8/(-220)). What is the greatest common factor of 121 and a?
11
Let o be (-1248)/273*(0 + -7)*1. Suppose 267 = 3*x - 405. What is the highest common factor of o and x?
32
Let s be (11 + -10 + 4/5)*5. Let j = s - -32. What is the highest common factor of 41 and j?
41
Let m(f) = -f**2 - 18*f - 14. Let n be m(-17). Suppose 0*t + n*y = 3*t - 459, -5*t + 763 = -3*y. Calculate the highest common divisor of t and 38.
38
Let m be (-6)/21 + (-2)/(-7). Let l(a) = a**3 + a**2 - 50. Let j be l(m). Let h be j/(-3) + (-2)/3. Calculate the highest common divisor of 8 and h.
8
Suppose 8*p - 846 = 290. Suppose 4*o - 100 = -2*v - v, -4*v = o - p. Calculate the highest common factor of v and 9.
9
Let f be 100*(4/(-4))/(-6)*6. Calculate the highest common factor of f and 60.
20
Suppose 2*b - 4*x + 2*x - 72 = 0, 4*x - 42 = -2*b. Calculate the highest common divisor of 341 and b.
31
Suppose -k + 35 = 38. Let l be 105/(-33) - k - (-268)/22. What is the highest common divisor of l and 156?
12
Let b(t) = -12*t + 176. Let x be b(14). What is the highest common factor of x and 76?
4
Suppose 10*g = 7*g + 15. Let d be (-5 - -8) + 2/2. Suppose h + d*v = 5, 5*h - 25 = v - 3*v. What is the highest common divisor of h and g?
5
Let n = -76 - -90. What is the highest common divisor of 14 and n?
14
Let z be 7533/270 - 2/(-20). What is the greatest common factor of 70 and z?
14
Suppose -6*q = -11*q + 35. Suppose 5*p = -v + 27, q*p = 5*p - 5*v + 20. What is the greatest common divisor of 20 and p?
5
Suppose -3*h + 16 + 8 = 0. Let d be 224*(111/21 - 5). What is the greatest common divisor of d and h?
8
Let t be -5 - (22/(-4))/((-16)/(-352)). Calculate the highest common factor of 203 and t.
29
Let l be (6/30 - 1)*-60. What is the highest common divisor of l and 72?
24
Let h(p) be the first derivative of -22*p**2 + 5*p - 1. Let m = -73 - -68. Let c be h(m). Calculate the highest common factor of 25 and c.
25
Suppose 162 = -12*n + 690. Calculate the greatest common factor of 220 and n.
44
Let q(r) = -4*r + 2. Let t be q(-2). Suppose -378 = t*s - 13*s. What is the highest common divisor of 18 and s?
18
Suppose 5*t - 2*t = 0. Suppose -28*u + 25*u + 54 = t. Suppose -6*i = 5*l - i - 30, 0 = -4*l + 4*i + 48. Calculate the greatest common divisor of l and u.
9
Let h = 1861 - -409. Calculate the highest common factor of 10 and h.
10
Suppose 2*l - 675 - 23 = -a, -5*a + l + 3479 = 0. Let h be 2/5 - a/(-10). Let n be (1*-2)/2 + 11. Calculate the greatest common factor of n and h.
10
Let g be (-3 + 2 - 0)/(4/(-28)). What is the highest common divisor of 2 and g?
1
Let q = -23 + 20. Let i be (q + 56 - 2)/((-3)/(-14)). Let f = -52 + 86. What is the highest common factor of i and f?
34
Let b = 326 - 236. Suppose 41 + 31 = 4*x. What is the highest common divisor of x and b?
18
Suppose -20*k - 519 + 1439 = 0. Suppose 0 = 2*l - 16 - 30. What is the highest common factor of k and l?
23
Suppose i + 5*p = 20, 5*i = 3*p - p + 46. Suppose -14*c + 170 = -9*c. Let s = -19 + c. What is the greatest common factor of i and s?
5
Suppose -8*f = -4*f + c - 746, 3*f = c + 556. What is the highest common divisor of f and 93?
93
Let u = -239 + 657. Calculate the greatest common divisor of u and 22.
22
Let u(v) = -62*v - 1920. Let m be u(-33). Suppose y = -4*y + 90. Calculate the highest common factor of m and y.
18
Let n = 8 + -3. What is the greatest common factor